{"id":76468,"date":"2019-12-19T14:45:06","date_gmt":"2019-12-19T13:45:06","guid":{"rendered":"https:\/\/www.koper.si\/comune\/comunita-locali\/krajevna-skupnost-koper-center-capodistria-centro\/"},"modified":"2024-06-26T08:45:55","modified_gmt":"2024-06-26T06:45:55","slug":"comunita-locale-koper-center-capodistria-centro","status":"publish","type":"page","link":"https:\/\/www.koper.si\/it\/comune\/comunita-locali\/comunita-locale-koper-center-capodistria-centro\/","title":{"rendered":"Comunit\u00e0 locale Koper \u2013 center \u2013 Capodistria \u2013 centro"},"content":{"rendered":"<p>La comunit\u00e0 locale comprende: parte dell&#8217;abitato di Capodistria (circondari territoriali da 0001 a 0032, 0133, 0134, 0135).<\/p>\n<p><iframe loading=\"lazy\" src=\"https:\/\/www.google.com\/maps\/d\/u\/1\/embed?mid=1mZXiwPSSWuiRC-54QLf-56p8zC8\" width=\"640\" height=\"480\"><\/iframe><\/p>\n<p><strong>Comunit\u00e0 locale di Koper \u2013 center \u2013 Capodistria \u2013 centro<br \/>\n<\/strong>Via FL 9<br \/>\n6000 Koper \u2013 Capodistria<\/p>\n<p>&nbsp;<\/p>\n<p><strong>Superficie:<\/strong> 4.15 km2<\/p>\n<p>&nbsp;<\/p>\n<p><strong>Presidente del Consiglio della comunit\u00e0 locale:<\/strong> Jadranko \u010calija<br \/>\n<strong>Segreteria della CL:<\/strong> Robert Bo\u017ei\u010d<\/p>\n<p>&nbsp;<\/p>\n<p><strong>Contatto:<br \/>\n<\/strong>E: <a href=\"mailto:tajnistvo@koper-center.si\">tajnistvo@koper-center.si<\/a><br \/>\nT: +386 (0)5 903 14 28<br \/>\nM: +386 (0)30 487 768<br \/>\nW:<a href=\"http:\/\/www.koper-center.si\/\" target=\"_blank\" rel=\"noopener noreferrer\">\u00a0http:\/\/www.koper-center.si\/<\/a><\/p>\n<p>&nbsp;<\/p>\n<p><strong>Orario d&#8217;ufficio:<br \/>\n<\/strong>Lun: dalle 10.00 alle 11.00<br \/>\nMar: dalle 14.00 alle 16.00<br \/>\nMer: dalle 16.00 alle 17.00<br \/>\nVen: dalle 11.00 alle 12.00<\/p>\n<p>&nbsp;<\/p>\n<p><strong>Responsabile per le informazioni di carattere pubblico:<br \/>\n<\/strong>Jadranko \u010calija, presidente della CL\u00a0 Koper \u2013 center \u2013 Capodistria \u2013 centro, +386 59 031 428, <a href=\"mailto:tajnistvo@koper-center.si\">tajnistvo@koper-center.si<\/a><\/p>\n<p>&nbsp;<\/p>\n<p><strong>Il Consiglio della CL di Koper \u2013 center<\/strong> <strong>\u2013 Capodistria \u2013 centro<\/strong> \u00e8 composto da 12 membri:<br \/>\nMandato 2022\u20132026<\/p>\n<table width=\"558\">\n<tbody>\n<tr>\n<td width=\"132\"><strong>Seggio elettorale n.<\/strong><\/td>\n<td width=\"283\"><strong>Membri eletti<\/strong><\/td>\n<td width=\"142\"><strong>Funzione<\/strong><\/td>\n<\/tr>\n<tr>\n<td width=\"132\">1<\/td>\n<td width=\"283\">MATJA\u017d BO\u017dI\u010c<\/td>\n<td width=\"142\">membro<\/td>\n<\/tr>\n<tr>\n<td width=\"132\">1<\/td>\n<td width=\"283\">ALJO\u0160A \u017dERJAL<\/td>\n<td width=\"142\">membro<\/td>\n<\/tr>\n<tr>\n<td width=\"132\">1<\/td>\n<td width=\"283\">JADRANKO \u010cALIJA<\/td>\n<td width=\"142\"><strong>presidente<\/strong><\/td>\n<\/tr>\n<tr>\n<td width=\"132\">1<\/td>\n<td width=\"283\">IRENA URBI\u010c MATELI\u010c<\/td>\n<td width=\"142\">membro<\/td>\n<\/tr>\n<tr>\n<td width=\"132\">1<\/td>\n<td width=\"283\">ZORICA \u0110UKI\u0106 PERO\u0160A<\/td>\n<td width=\"142\">membro<\/td>\n<\/tr>\n<tr>\n<td width=\"132\">1<\/td>\n<td width=\"283\">MLADEN JOVI\u010cI\u0106<\/td>\n<td width=\"142\">membro<\/td>\n<\/tr>\n<tr>\n<td width=\"132\">2<\/td>\n<td width=\"283\">ROMEO PAL\u010cI\u010c<\/td>\n<td width=\"142\">membro<\/td>\n<\/tr>\n<tr>\n<td width=\"132\">2<\/td>\n<td width=\"283\">IZTOK \u017dERJAL<\/td>\n<td width=\"142\">membro<\/td>\n<\/tr>\n<tr>\n<td width=\"132\">2<\/td>\n<td width=\"283\">ZIJAD SVRAKA<\/td>\n<td width=\"142\"><strong>vicepresidente<\/strong><\/td>\n<\/tr>\n<tr>\n<td width=\"132\">2<\/td>\n<td width=\"283\">GORDANA PA\u0160I\u0106<\/td>\n<td width=\"142\">membro<\/td>\n<\/tr>\n<tr>\n<td>2<\/td>\n<td>BOJAN DUNDARA<\/td>\n<td width=\"142\">membro<\/td>\n<\/tr>\n<tr>\n<td>3-IT<\/td>\n<td>CLIO DIABAT\u00c9<\/td>\n<td>membro<\/td>\n<\/tr>\n<\/tbody>\n<\/table>\n","protected":false},"excerpt":{"rendered":"<p>La comunit\u00e0 locale comprende: parte dell&#8217;abitato di Capodistria (circondari territoriali da 0001 a 0032, 0133, 0134, 0135). Comunit\u00e0 locale di Koper \u2013 center \u2013 Capodistria \u2013 centro Via FL 9 6000 Koper \u2013 Capodistria &nbsp; Superficie: 4.15 km2 &nbsp; Presidente del Consiglio della comunit\u00e0 locale: Jadranko \u010calija Segreteria della CL: Robert Bo\u017ei\u010d &nbsp; Contatto: E:<\/p>\n","protected":false},"author":6,"featured_media":0,"parent":20271,"menu_order":133,"comment_status":"closed","ping_status":"closed","template":"","meta":{"_acf_changed":false,"inline_featured_image":false,"footnotes":""},"class_list":["post-76468","page","type-page","status-publish","hentry"],"acf":[],"_links":{"self":[{"href":"https:\/\/www.koper.si\/it\/wp-json\/wp\/v2\/pages\/76468","targetHints":{"allow":["GET"]}}],"collection":[{"href":"https:\/\/www.koper.si\/it\/wp-json\/wp\/v2\/pages"}],"about":[{"href":"https:\/\/www.koper.si\/it\/wp-json\/wp\/v2\/types\/page"}],"author":[{"embeddable":true,"href":"https:\/\/www.koper.si\/it\/wp-json\/wp\/v2\/users\/6"}],"replies":[{"embeddable":true,"href":"https:\/\/www.koper.si\/it\/wp-json\/wp\/v2\/comments?post=76468"}],"version-history":[{"count":10,"href":"https:\/\/www.koper.si\/it\/wp-json\/wp\/v2\/pages\/76468\/revisions"}],"predecessor-version":[{"id":106421,"href":"https:\/\/www.koper.si\/it\/wp-json\/wp\/v2\/pages\/76468\/revisions\/106421"}],"up":[{"embeddable":true,"href":"https:\/\/www.koper.si\/it\/wp-json\/wp\/v2\/pages\/20271"}],"wp:attachment":[{"href":"https:\/\/www.koper.si\/it\/wp-json\/wp\/v2\/media?parent=76468"}],"curies":[{"name":"wp","href":"https:\/\/api.w.org\/{rel}","templated":true}]}}

Comunità locale Koper – center – Capodistria – centro

<p>La comunità locale comprende: parte dell&#8217;abitato di Capodistria (circondari territoriali da 0001 a 0032, 0133, 0134, 0135).</p>
<p><iframe loading="lazy" src="https://www.google.com/maps/d/u/1/embed?mid=1mZXiwPSSWuiRC-54QLf-56p8zC8" width="640" height="480"></iframe></p>
<p><strong>Comunità locale di Koper – center – Capodistria – centro<br />
</strong>Via FL 9<br />
6000 Koper – Capodistria</p>
<p>&nbsp;</p>
<p><strong>Superficie:</strong> 4.15 km2</p>
<p>&nbsp;</p>
<p><strong>Presidente del Consiglio della comunità locale:</strong> Jadranko Čalija<br />
<strong>Segreteria della CL:</strong> Robert Božič</p>
<p>&nbsp;</p>
<p><strong>Contatto:<br />
</strong>E: <a href="mailto:tajnistvo@koper-center.si">tajnistvo@koper-center.si</a><br />
T: +386 (0)5 903 14 28<br />
M: +386 (0)30 487 768<br />
W:<a href="http://www.koper-center.si/" target="_blank" rel="noopener noreferrer"> http://www.koper-center.si/</a></p>
<p>&nbsp;</p>
<p><strong>Orario d&#8217;ufficio:<br />
</strong>Lun: dalle 10.00 alle 11.00<br />
Mar: dalle 14.00 alle 16.00<br />
Mer: dalle 16.00 alle 17.00<br />
Ven: dalle 11.00 alle 12.00</p>
<p>&nbsp;</p>
<p><strong>Responsabile per le informazioni di carattere pubblico:<br />
</strong>Jadranko Čalija, presidente della CL  Koper – center – Capodistria – centro, +386 59 031 428, <a href="mailto:tajnistvo@koper-center.si">tajnistvo@koper-center.si</a></p>
<p>&nbsp;</p>
<p><strong>Il Consiglio della CL di Koper – center</strong> <strong>– Capodistria – centro</strong> è composto da 12 membri:<br />
Mandato 2022–2026</p>
<table width="558">
<tbody>
<tr>
<td width="132"><strong>Seggio elettorale n.</strong></td>
<td width="283"><strong>Membri eletti</strong></td>
<td width="142"><strong>Funzione</strong></td>
</tr>
<tr>
<td width="132">1</td>
<td width="283">MATJAŽ BOŽIČ</td>
<td width="142">membro</td>
</tr>
<tr>
<td width="132">1</td>
<td width="283">ALJOŠA ŽERJAL</td>
<td width="142">membro</td>
</tr>
<tr>
<td width="132">1</td>
<td width="283">JADRANKO ČALIJA</td>
<td width="142"><strong>presidente</strong></td>
</tr>
<tr>
<td width="132">1</td>
<td width="283">IRENA URBIČ MATELIČ</td>
<td width="142">membro</td>
</tr>
<tr>
<td width="132">1</td>
<td width="283">ZORICA ĐUKIĆ PEROŠA</td>
<td width="142">membro</td>
</tr>
<tr>
<td width="132">1</td>
<td width="283">MLADEN JOVIČIĆ</td>
<td width="142">membro</td>
</tr>
<tr>
<td width="132">2</td>
<td width="283">ROMEO PALČIČ</td>
<td width="142">membro</td>
</tr>
<tr>
<td width="132">2</td>
<td width="283">IZTOK ŽERJAL</td>
<td width="142">membro</td>
</tr>
<tr>
<td width="132">2</td>
<td width="283">ZIJAD SVRAKA</td>
<td width="142"><strong>vicepresidente</strong></td>
</tr>
<tr>
<td width="132">2</td>
<td width="283">GORDANA PAŠIĆ</td>
<td width="142">membro</td>
</tr>
<tr>
<td>2</td>
<td>BOJAN DUNDARA</td>
<td width="142">membro</td>
</tr>
<tr>
<td>3-IT</td>
<td>CLIO DIABATÉ</td>
<td>membro</td>
</tr>
</tbody>
</table>

<p>La comunità locale comprende: parte dell&#8217;abitato di Capodistria (circondari territoriali da 0001 a 0032, 0133, 0134, 0135). Comunità locale di Koper – center – Capodistria – centro Via FL 9 6000 Koper – Capodistria &nbsp; Superficie: 4.15 km2 &nbsp; Presidente del Consiglio della comunità locale: Jadranko Čalija Segreteria della CL: Robert Božič &nbsp; Contatto: E:</p>
