{"id":76482,"date":"2019-12-19T14:51:42","date_gmt":"2019-12-19T13:51:42","guid":{"rendered":"https:\/\/www.koper.si\/comune\/comunita-locali\/krajevna-skupnost-zusterna-giusterna\/"},"modified":"2024-06-26T08:50:20","modified_gmt":"2024-06-26T06:50:20","slug":"comunita-locale-di-zusterna-giusterna","status":"publish","type":"page","link":"https:\/\/www.koper.si\/it\/comune\/comunita-locali\/comunita-locale-di-zusterna-giusterna\/","title":{"rendered":"Comunit\u00e0 locale di \u017dusterna \u2013 Giusterna"},"content":{"rendered":"<p>La comunit\u00e0 locale comprende: parte dell&#8217;abitato di Capodistria (circondari territoriali da 0061 a 0089 nonch\u00e9 0095 e 0348).<\/p>\n<p><iframe loading=\"lazy\" src=\"https:\/\/www.google.com\/maps\/d\/u\/1\/embed?mid=1IRpTBBtSp2TmdvJtV1tEyoeqO5w\" width=\"640\" height=\"480\"><\/iframe><\/p>\n<p><strong>Comunit\u00e0 locale di \u017dusterna \u2013 Giusterna<br \/>\n<\/strong>Costa Lunga 5<br \/>\n6000 Koper \u2013 Capodistria<\/p>\n<p>&nbsp;<\/p>\n<p><strong>Superficie:<\/strong> 2.11 km2<\/p>\n<p>&nbsp;<\/p>\n<p><strong>Presidente del Consiglio della comunit\u00e0 locale:<\/strong> Igor \u010curin<br \/>\n<strong>Segreteria della CL:<\/strong> Neda Bo\u017ei\u010d<\/p>\n<p>&nbsp;<\/p>\n<p><strong>Contatto:<br \/>\n<\/strong>E: <a href=\"mailto:info@zusterna.si\">info@zusterna.si<\/a>, <a href=\"mailto:tajnistvo@zusterna.si\">tajnistvo@zusterna.si<\/a><br \/>\nT: +386 (0)5 628 87 50<br \/>\nM: +386 (0)40 622 624<br \/>\nF: +386 (0)5 628 87 51<br \/>\nW:\u00a0<a href=\"http:\/\/www.zusterna.si\/\" target=\"_blank\" rel=\"noopener noreferrer\">www.zusterna.si<\/a><\/p>\n<p>&nbsp;<\/p>\n<p><strong>Orario d&#8217;ufficio:<br \/>\n<\/strong>Lun: dalle 17.00 alle 19.00<br \/>\nMer: dalle 17.00 alle 19.00<br \/>\nVen: dalle 8.30 alle 11.30<br \/>\nNon ci sono orari d&#8217;ufficio nei mesi di luglio e agosto (possiamo essere contattati al numero di cellulare +386 (0)41 637 727 o a <a href=\"mailto:info@zusterna.si\">info@zusterna.si<\/a>)<\/p>\n<p>&nbsp;<\/p>\n<p><strong>Responsabile per le informazioni di carattere pubblico:<br \/>\n<\/strong>Igor \u010curin, presidente del Consiglio della CL di Giusterna, +386 (0)5 628 87 50, <a href=\"mailto:info@zusterna.si\">info@zusterna.si<\/a><\/p>\n<p>&nbsp;<\/p>\n<p><strong>Il Consiglio della CL di Giusterna<\/strong> \u00e8 composto da 11 membri:<br \/>\nMandato 2022 \u2013 2026<\/p>\n<table style=\"height: 252px;\" width=\"558\">\n<tbody>\n<tr style=\"height: 21px;\">\n<td style=\"width: 142px; height: 21px;\"><strong>Seggio elettorale n.<\/strong><\/td>\n<td style=\"width: 253px; height: 21px;\"><strong>Membri eletti<\/strong><\/td>\n<td style=\"width: 144px; height: 21px;\"><strong>Funzione<\/strong><\/td>\n<\/tr>\n<tr style=\"height: 21px;\">\n<td style=\"width: 142px; height: 21px;\">1<\/td>\n<td style=\"width: 253px; height: 21px;\">IGOR \u010cURIN<\/td>\n<td style=\"width: 144px; height: 21px;\"><strong>presidente<\/strong><\/td>\n<\/tr>\n<tr style=\"height: 21px;\">\n<td style=\"width: 142px; height: 21px;\">1<\/td>\n<td style=\"width: 253px; height: 21px;\">JANEZ STARMAN<\/td>\n<td style=\"width: 144px; height: 21px;\">membro<\/td>\n<\/tr>\n<tr style=\"height: 21px;\">\n<td style=\"width: 142px; height: 21px;\">1<\/td>\n<td style=\"width: 253px; height: 21px;\">\u0160PELA JERMAN<\/td>\n<td style=\"width: 144px; height: 21px;\">membro<\/td>\n<\/tr>\n<tr style=\"height: 21px;\">\n<td style=\"width: 142px; height: 21px;\">2<\/td>\n<td style=\"width: 253px; height: 21px;\">PATRICIJA KRMAC<\/td>\n<td style=\"width: 144px; height: 21px;\">membro<\/td>\n<\/tr>\n<tr style=\"height: 21px;\">\n<td style=\"width: 142px; height: 21px;\">2<\/td>\n<td style=\"width: 253px; height: 21px;\">FRANC GORI\u0160EK<\/td>\n<td style=\"width: 144px; height: 21px;\">membro<\/td>\n<\/tr>\n<tr style=\"height: 21px;\">\n<td style=\"width: 142px; height: 21px;\">2<\/td>\n<td style=\"width: 253px; height: 21px;\">JOSIP MAJSTOROVI\u0106<\/td>\n<td style=\"width: 144px; height: 21px;\"><strong>vicepresidente<\/strong><\/td>\n<\/tr>\n<tr style=\"height: 21px;\">\n<td style=\"width: 142px; height: 21px;\">3<\/td>\n<td style=\"width: 253px; height: 21px;\">MIRELA TABAKOVI\u0106<\/td>\n<td style=\"width: 144px; height: 21px;\">membro<\/td>\n<\/tr>\n<tr style=\"height: 21px;\">\n<td style=\"width: 142px; height: 21px;\">3<\/td>\n<td style=\"width: 253px; height: 21px;\">SANDRA POPOVI\u0106<\/td>\n<td style=\"width: 144px; height: 21px;\">membro<\/td>\n<\/tr>\n<tr style=\"height: 21px;\">\n<td style=\"width: 142px; height: 21px;\">3<\/td>\n<td style=\"width: 253px; height: 21px;\">PATRIK PERO\u0160A<\/td>\n<td style=\"width: 144px; height: 21px;\">membro<\/td>\n<\/tr>\n<tr style=\"height: 21px;\">\n<td style=\"width: 142px; height: 21px;\">3<\/td>\n<td style=\"width: 253px; height: 21px;\">JESENKO BALTA<\/td>\n<td style=\"width: 144px; height: 21px;\">membro<\/td>\n<\/tr>\n<tr style=\"height: 21px;\">\n<td style=\"width: 142px; height: 21px;\">4-IT<\/td>\n<td style=\"width: 253px; height: 21px;\">FULVIO RICHTER<\/td>\n<td style=\"width: 144px; height: 21px;\">membro<\/td>\n<\/tr>\n<\/tbody>\n<\/table>\n","protected":false},"excerpt":{"rendered":"<p>La comunit\u00e0 locale comprende: parte dell&#8217;abitato di Capodistria (circondari territoriali da 0061 a 0089 nonch\u00e9 0095 e 0348). Comunit\u00e0 locale di \u017dusterna \u2013 Giusterna Costa Lunga 5 6000 Koper \u2013 Capodistria &nbsp; Superficie: 2.11 km2 &nbsp; Presidente del Consiglio della comunit\u00e0 locale: Igor \u010curin Segreteria della CL: Neda Bo\u017ei\u010d &nbsp; Contatto: E: info@zusterna.si, tajnistvo@zusterna.si T:<\/p>\n","protected":false},"author":6,"featured_media":0,"parent":20271,"menu_order":159,"comment_status":"closed","ping_status":"closed","template":"","meta":{"_acf_changed":false,"inline_featured_image":false,"footnotes":""},"class_list":["post-76482","page","type-page","status-publish","hentry"],"acf":[],"_links":{"self":[{"href":"https:\/\/www.koper.si\/it\/wp-json\/wp\/v2\/pages\/76482","targetHints":{"allow":["GET"]}}],"collection":[{"href":"https:\/\/www.koper.si\/it\/wp-json\/wp\/v2\/pages"}],"about":[{"href":"https:\/\/www.koper.si\/it\/wp-json\/wp\/v2\/types\/page"}],"author":[{"embeddable":true,"href":"https:\/\/www.koper.si\/it\/wp-json\/wp\/v2\/users\/6"}],"replies":[{"embeddable":true,"href":"https:\/\/www.koper.si\/it\/wp-json\/wp\/v2\/comments?post=76482"}],"version-history":[{"count":6,"href":"https:\/\/www.koper.si\/it\/wp-json\/wp\/v2\/pages\/76482\/revisions"}],"predecessor-version":[{"id":106436,"href":"https:\/\/www.koper.si\/it\/wp-json\/wp\/v2\/pages\/76482\/revisions\/106436"}],"up":[{"embeddable":true,"href":"https:\/\/www.koper.si\/it\/wp-json\/wp\/v2\/pages\/20271"}],"wp:attachment":[{"href":"https:\/\/www.koper.si\/it\/wp-json\/wp\/v2\/media?parent=76482"}],"curies":[{"name":"wp","href":"https:\/\/api.w.org\/{rel}","templated":true}]}}

Comunità locale di Žusterna – Giusterna

<p>La comunità locale comprende: parte dell&#8217;abitato di Capodistria (circondari territoriali da 0061 a 0089 nonché 0095 e 0348).</p>
<p><iframe loading="lazy" src="https://www.google.com/maps/d/u/1/embed?mid=1IRpTBBtSp2TmdvJtV1tEyoeqO5w" width="640" height="480"></iframe></p>
<p><strong>Comunità locale di Žusterna – Giusterna<br />
</strong>Costa Lunga 5<br />
6000 Koper – Capodistria</p>
<p>&nbsp;</p>
<p><strong>Superficie:</strong> 2.11 km2</p>
<p>&nbsp;</p>
<p><strong>Presidente del Consiglio della comunità locale:</strong> Igor Čurin<br />
<strong>Segreteria della CL:</strong> Neda Božič</p>
<p>&nbsp;</p>
<p><strong>Contatto:<br />
</strong>E: <a href="mailto:info@zusterna.si">info@zusterna.si</a>, <a href="mailto:tajnistvo@zusterna.si">tajnistvo@zusterna.si</a><br />
T: +386 (0)5 628 87 50<br />
M: +386 (0)40 622 624<br />
F: +386 (0)5 628 87 51<br />
W: <a href="http://www.zusterna.si/" target="_blank" rel="noopener noreferrer">www.zusterna.si</a></p>
<p>&nbsp;</p>
<p><strong>Orario d&#8217;ufficio:<br />
</strong>Lun: dalle 17.00 alle 19.00<br />
Mer: dalle 17.00 alle 19.00<br />
Ven: dalle 8.30 alle 11.30<br />
Non ci sono orari d&#8217;ufficio nei mesi di luglio e agosto (possiamo essere contattati al numero di cellulare +386 (0)41 637 727 o a <a href="mailto:info@zusterna.si">info@zusterna.si</a>)</p>
<p>&nbsp;</p>
<p><strong>Responsabile per le informazioni di carattere pubblico:<br />
</strong>Igor Čurin, presidente del Consiglio della CL di Giusterna, +386 (0)5 628 87 50, <a href="mailto:info@zusterna.si">info@zusterna.si</a></p>
<p>&nbsp;</p>
<p><strong>Il Consiglio della CL di Giusterna</strong> è composto da 11 membri:<br />
Mandato 2022 – 2026</p>
<table style="height: 252px;" width="558">
<tbody>
<tr style="height: 21px;">
<td style="width: 142px; height: 21px;"><strong>Seggio elettorale n.</strong></td>
<td style="width: 253px; height: 21px;"><strong>Membri eletti</strong></td>
<td style="width: 144px; height: 21px;"><strong>Funzione</strong></td>
</tr>
<tr style="height: 21px;">
<td style="width: 142px; height: 21px;">1</td>
<td style="width: 253px; height: 21px;">IGOR ČURIN</td>
<td style="width: 144px; height: 21px;"><strong>presidente</strong></td>
</tr>
<tr style="height: 21px;">
<td style="width: 142px; height: 21px;">1</td>
<td style="width: 253px; height: 21px;">JANEZ STARMAN</td>
<td style="width: 144px; height: 21px;">membro</td>
</tr>
<tr style="height: 21px;">
<td style="width: 142px; height: 21px;">1</td>
<td style="width: 253px; height: 21px;">ŠPELA JERMAN</td>
<td style="width: 144px; height: 21px;">membro</td>
</tr>
<tr style="height: 21px;">
<td style="width: 142px; height: 21px;">2</td>
<td style="width: 253px; height: 21px;">PATRICIJA KRMAC</td>
<td style="width: 144px; height: 21px;">membro</td>
</tr>
<tr style="height: 21px;">
<td style="width: 142px; height: 21px;">2</td>
<td style="width: 253px; height: 21px;">FRANC GORIŠEK</td>
<td style="width: 144px; height: 21px;">membro</td>
</tr>
<tr style="height: 21px;">
<td style="width: 142px; height: 21px;">2</td>
<td style="width: 253px; height: 21px;">JOSIP MAJSTOROVIĆ</td>
<td style="width: 144px; height: 21px;"><strong>vicepresidente</strong></td>
</tr>
<tr style="height: 21px;">
<td style="width: 142px; height: 21px;">3</td>
<td style="width: 253px; height: 21px;">MIRELA TABAKOVIĆ</td>
<td style="width: 144px; height: 21px;">membro</td>
</tr>
<tr style="height: 21px;">
<td style="width: 142px; height: 21px;">3</td>
<td style="width: 253px; height: 21px;">SANDRA POPOVIĆ</td>
<td style="width: 144px; height: 21px;">membro</td>
</tr>
<tr style="height: 21px;">
<td style="width: 142px; height: 21px;">3</td>
<td style="width: 253px; height: 21px;">PATRIK PEROŠA</td>
<td style="width: 144px; height: 21px;">membro</td>
</tr>
<tr style="height: 21px;">
<td style="width: 142px; height: 21px;">3</td>
<td style="width: 253px; height: 21px;">JESENKO BALTA</td>
<td style="width: 144px; height: 21px;">membro</td>
</tr>
<tr style="height: 21px;">
<td style="width: 142px; height: 21px;">4-IT</td>
<td style="width: 253px; height: 21px;">FULVIO RICHTER</td>
<td style="width: 144px; height: 21px;">membro</td>
</tr>
</tbody>
</table>

<p>La comunità locale comprende: parte dell&#8217;abitato di Capodistria (circondari territoriali da 0061 a 0089 nonché 0095 e 0348). Comunità locale di Žusterna – Giusterna Costa Lunga 5 6000 Koper – Capodistria &nbsp; Superficie: 2.11 km2 &nbsp; Presidente del Consiglio della comunità locale: Igor Čurin Segreteria della CL: Neda Božič &nbsp; Contatto: E: info@zusterna.si, tajnistvo@zusterna.si T:</p>
